{"id":8822,"date":"2021-08-23T19:31:09","date_gmt":"2021-08-23T19:31:09","guid":{"rendered":"https:\/\/gdc-sense.com\/?page_id=8822"},"modified":"2023-07-19T18:22:03","modified_gmt":"2023-07-19T18:22:03","slug":"nos-secteurs-dactivites","status":"publish","type":"page","link":"https:\/\/gdc-sense.com\/?page_id=8822","title":{"rendered":"Nos secteurs d&#8217;activit\u00e9s"},"content":{"rendered":"\t\t<div data-elementor-type=\"wp-page\" data-elementor-id=\"8822\" class=\"elementor elementor-8822\">\n\t\t\t\t\t\t<section class=\"elementor-section elementor-top-section elementor-element elementor-element-3745738 elementor-section-stretched elementor-section-boxed elementor-section-height-default elementor-section-height-default\" data-id=\"3745738\" data-element_type=\"section\" data-e-type=\"section\" data-settings=\"{&quot;background_background&quot;:&quot;classic&quot;,&quot;stretch_section&quot;:&quot;section-stretched&quot;}\">\n\t\t\t\t\t\t<div class=\"elementor-container elementor-column-gap-default\">\n\t\t\t\t\t<div class=\"elementor-column elementor-col-100 elementor-top-column elementor-element elementor-element-41fbc64\" data-id=\"41fbc64\" data-element_type=\"column\" data-e-type=\"column\">\n\t\t\t<div class=\"elementor-widget-wrap elementor-element-populated\">\n\t\t\t\t\t\t<div class=\"elementor-element elementor-element-1b371cd elementor-widget elementor-widget-vc_custom_heading\" data-id=\"1b371cd\" data-element_type=\"widget\" data-e-type=\"widget\" data-widget_type=\"vc_custom_heading.default\">\n\t\t\t\t<div class=\"elementor-widget-container\">\n\t\t\t\t\t<div class=\" vc_custom_heading  consulting_heading_font  text_align_left has_subtitle\" ><h1 style=\"color: #FFFFFF;text-align: left\" class=\"consulting-custom-title\">Nos secteurs d'activit\u00e9s\n<span class=\"subtitle\" style=\"color:#DDD3D3\">Des offres  \u00e0 la hauteur des enjeux et d\u00e9fis data de votre m\u00e9tier  <\/span><\/h1><\/div>\t\t\t\t<\/div>\n\t\t\t\t<\/div>\n\t\t\t\t\t<\/div>\n\t\t<\/div>\n\t\t\t\t\t<\/div>\n\t\t<\/section>\n\t\t\t\t<section class=\"elementor-section elementor-top-section elementor-element elementor-element-f6fbfc5 elementor-section-full_width elementor-section-height-default elementor-section-height-default\" data-id=\"f6fbfc5\" data-element_type=\"section\" data-e-type=\"section\">\n\t\t\t\t\t\t<div class=\"elementor-container elementor-column-gap-default\">\n\t\t\t\t\t<div class=\"elementor-column elementor-col-100 elementor-top-column elementor-element elementor-element-e7a7d55\" data-id=\"e7a7d55\" data-element_type=\"column\" data-e-type=\"column\">\n\t\t\t<div class=\"elementor-widget-wrap elementor-element-populated\">\n\t\t\t\t\t\t<div class=\"elementor-element elementor-element-3567aa5 elementor-widget elementor-widget-stm_services\" data-id=\"3567aa5\" data-element_type=\"widget\" data-e-type=\"widget\" data-widget_type=\"stm_services.default\">\n\t\t\t\t<div class=\"elementor-widget-container\">\n\t\t\t\t\t\n    <div class=\"stm_services consulting_elementor_services style_4 cols_3\">\n                    <div class=\"item\">\n                <div class=\"item_wr\">\n                                                                    <div class=\"item_thumbnail\">\n                            <a href=\"https:\/\/gdc-sense.com\/?stm_service=banque-finance\">\n                                <img src='https:\/\/gdc-sense.com\/wp-content\/uploads\/elementor\/thumbs\/bnk-2-q9hp48h376vcp3idzds4sztnzq6enmm46xc1yu1xuo.png' alt='' \/>                                <div class=\"item_info\">\n                                    <h5>Banque et Finance<\/h5>\n                                    <span><i class=\"stm-lnr-arrow-right before-text\"><\/i>Lire plus <i class=\"stm-lnr-arrow-right\"><\/i><\/span>\n                                <\/div>\n                            <\/a>\n                        <\/div>\n                                    <\/div>\n            <\/div>\n                    <div class=\"item\">\n                <div class=\"item_wr\">\n                                                                    <div class=\"item_thumbnail\">\n                            <a href=\"https:\/\/gdc-sense.com\/?stm_service=industrie\">\n                                <img src='https:\/\/gdc-sense.com\/wp-content\/uploads\/elementor\/thumbs\/industrie-1-q9i7ryux9wf7p1s4j8r06zherpaigoci7p0vkk2h7k.png' alt='' \/>                                <div class=\"item_info\">\n                                    <h5>Industrie<\/h5>\n                                    <span><i class=\"stm-lnr-arrow-right before-text\"><\/i>Lire plus <i class=\"stm-lnr-arrow-right\"><\/i><\/span>\n                                <\/div>\n                            <\/a>\n                        <\/div>\n                                    <\/div>\n            <\/div>\n                    <div class=\"item\">\n                <div class=\"item_wr\">\n                                                                    <div class=\"item_thumbnail\">\n                            <a href=\"https:\/\/gdc-sense.com\/?stm_service=hotel-voyage\">\n                                <img src='https:\/\/gdc-sense.com\/wp-content\/uploads\/elementor\/thumbs\/hotel-02-q9i7tdm7iycp3zqeauouxmoauicc0by0eo93hhz7vk.png' alt='' \/>                                <div class=\"item_info\">\n                                    <h5>H\u00f4tellerie et voyage<\/h5>\n                                    <span><i class=\"stm-lnr-arrow-right before-text\"><\/i>Lire plus <i class=\"stm-lnr-arrow-right\"><\/i><\/span>\n                                <\/div>\n                            <\/a>\n                        <\/div>\n                                    <\/div>\n            <\/div>\n                    <div class=\"item\">\n                <div class=\"item_wr\">\n                                                                    <div class=\"item_thumbnail\">\n                            <a href=\"https:\/\/gdc-sense.com\/?stm_service=education\">\n                                <img src='https:\/\/gdc-sense.com\/wp-content\/uploads\/elementor\/thumbs\/Eduction-q97deakizi01urj04gqgddqft62d7k8e0goxu1lbq8.png' alt='' \/>                                <div class=\"item_info\">\n                                    <h5>Education<\/h5>\n                                    <span><i class=\"stm-lnr-arrow-right before-text\"><\/i>Lire plus <i class=\"stm-lnr-arrow-right\"><\/i><\/span>\n                                <\/div>\n                            <\/a>\n                        <\/div>\n                                    <\/div>\n            <\/div>\n                    <div class=\"item\">\n                <div class=\"item_wr\">\n                                                                    <div class=\"item_thumbnail\">\n                            <a href=\"https:\/\/gdc-sense.com\/?stm_service=secteurs-publics\">\n                                <img src='https:\/\/gdc-sense.com\/wp-content\/uploads\/elementor\/thumbs\/public-sector-q97d8e502xx8yw3kkwwrpvc9k35evyt1v997dicasg.png' alt='' \/>                                <div class=\"item_info\">\n                                    <h5>Secteur Public<\/h5>\n                                    <span><i class=\"stm-lnr-arrow-right before-text\"><\/i>Lire plus <i class=\"stm-lnr-arrow-right\"><\/i><\/span>\n                                <\/div>\n                            <\/a>\n                        <\/div>\n                                    <\/div>\n            <\/div>\n                    <div class=\"item\">\n                <div class=\"item_wr\">\n                                                                    <div class=\"item_thumbnail\">\n                            <a href=\"https:\/\/gdc-sense.com\/?stm_service=energie-utilities\">\n                                <img src='https:\/\/gdc-sense.com\/wp-content\/uploads\/elementor\/thumbs\/energie-q97cybbasw4kheqlfk2rzewc9ctqcssntdfs4pa9i8.png' alt='' \/>                                <div class=\"item_info\">\n                                    <h5>Energie &#038; utilities<\/h5>\n                                    <span><i class=\"stm-lnr-arrow-right before-text\"><\/i>Lire plus <i class=\"stm-lnr-arrow-right\"><\/i><\/span>\n                                <\/div>\n                            <\/a>\n                        <\/div>\n                                    <\/div>\n            <\/div>\n                    <div class=\"item\">\n                <div class=\"item_wr\">\n                                                                    <div class=\"item_thumbnail\">\n                            <a href=\"https:\/\/gdc-sense.com\/?stm_service=telecommunications\">\n                                <img src='https:\/\/gdc-sense.com\/wp-content\/uploads\/elementor\/thumbs\/TELECO-1-q97f9olyyw948bn1m3ejmvj50nwq2crlm0h5h7o7mo.png' alt='' \/>                                <div class=\"item_info\">\n                                    <h5>T\u00e9l\u00e9communications<\/h5>\n                                    <span><i class=\"stm-lnr-arrow-right before-text\"><\/i>Lire plus <i class=\"stm-lnr-arrow-right\"><\/i><\/span>\n                                <\/div>\n                            <\/a>\n                        <\/div>\n                                    <\/div>\n            <\/div>\n                    <div class=\"item\">\n                <div class=\"item_wr\">\n                                                                    <div class=\"item_thumbnail\">\n                            <a href=\"https:\/\/gdc-sense.com\/?stm_service=assurance-et-protection-sociale\">\n                                <img src='https:\/\/gdc-sense.com\/wp-content\/uploads\/elementor\/thumbs\/GOV-1-1-q9i7vzm2idxdczxv1zbjuyye91h1e2b63lhnh63ulc.png' alt='' \/>                                <div class=\"item_info\">\n                                    <h5>Assurance<\/h5>\n                                    <span><i class=\"stm-lnr-arrow-right before-text\"><\/i>Lire plus <i class=\"stm-lnr-arrow-right\"><\/i><\/span>\n                                <\/div>\n                            <\/a>\n                        <\/div>\n                                    <\/div>\n            <\/div>\n                    <div class=\"item\">\n                <div class=\"item_wr\">\n                                                                    <div class=\"item_thumbnail\">\n                            <a href=\"https:\/\/gdc-sense.com\/?stm_service=organisations-ong\">\n                                <img src='https:\/\/gdc-sense.com\/wp-content\/uploads\/elementor\/thumbs\/home-gdc-6-1-q977zfn06x950wkkyqhpz1xeiki2ifnlk009a0ifmo.png' alt='' \/>                                <div class=\"item_info\">\n                                    <h5>Organisme de d\u00e9veloppent<\/h5>\n                                    <span><i class=\"stm-lnr-arrow-right before-text\"><\/i>Lire plus <i class=\"stm-lnr-arrow-right\"><\/i><\/span>\n                                <\/div>\n                            <\/a>\n                        <\/div>\n                                    <\/div>\n            <\/div>\n            <\/div>\n\t\t\t\t<\/div>\n\t\t\t\t<\/div>\n\t\t\t\t\t<\/div>\n\t\t<\/div>\n\t\t\t\t\t<\/div>\n\t\t<\/section>\n\t\t\t\t<\/div>\n\t\t","protected":false},"excerpt":{"rendered":"<p>Nos secteurs d&#8217;activit\u00e9s Des offres \u00e0 la hauteur des enjeux et d\u00e9fis data de votre m\u00e9tier Banque et Finance Lire plus Industrie Lire plus H\u00f4tellerie et voyage Lire plus Education Lire plus Secteur Public Lire plus Energie &#038; utilities Lire plus T\u00e9l\u00e9communications Lire plus Assurance Lire plus Organisme de d\u00e9veloppent Lire plus<\/p>\n","protected":false},"author":1,"featured_media":0,"parent":0,"menu_order":0,"comment_status":"closed","ping_status":"closed","template":"","meta":{"footnotes":""},"class_list":["post-8822","page","type-page","status-publish","hentry"],"aioseo_notices":[],"_links":{"self":[{"href":"https:\/\/gdc-sense.com\/index.php?rest_route=\/wp\/v2\/pages\/8822","targetHints":{"allow":["GET"]}}],"collection":[{"href":"https:\/\/gdc-sense.com\/index.php?rest_route=\/wp\/v2\/pages"}],"about":[{"href":"https:\/\/gdc-sense.com\/index.php?rest_route=\/wp\/v2\/types\/page"}],"author":[{"embeddable":true,"href":"https:\/\/gdc-sense.com\/index.php?rest_route=\/wp\/v2\/users\/1"}],"replies":[{"embeddable":true,"href":"https:\/\/gdc-sense.com\/index.php?rest_route=%2Fwp%2Fv2%2Fcomments&post=8822"}],"version-history":[{"count":17,"href":"https:\/\/gdc-sense.com\/index.php?rest_route=\/wp\/v2\/pages\/8822\/revisions"}],"predecessor-version":[{"id":21046,"href":"https:\/\/gdc-sense.com\/index.php?rest_route=\/wp\/v2\/pages\/8822\/revisions\/21046"}],"wp:attachment":[{"href":"https:\/\/gdc-sense.com\/index.php?rest_route=%2Fwp%2Fv2%2Fmedia&parent=8822"}],"curies":[{"name":"wp","href":"https:\/\/api.w.org\/{rel}","templated":true}]}}