{"id":21253,"date":"2023-11-28T11:55:51","date_gmt":"2023-11-28T11:55:51","guid":{"rendered":"https:\/\/gdc-sense.com\/?page_id=21253"},"modified":"2023-11-28T12:05:39","modified_gmt":"2023-11-28T12:05:39","slug":"carriere-afrique","status":"publish","type":"page","link":"https:\/\/gdc-sense.com\/?page_id=21253","title":{"rendered":"Carri\u00e8re Afrique"},"content":{"rendered":"\t\t<div data-elementor-type=\"wp-page\" data-elementor-id=\"21253\" class=\"elementor elementor-21253\">\n\t\t\t\t\t\t<section class=\"elementor-section elementor-top-section elementor-element elementor-element-32c098f elementor-section-stretched elementor-section-boxed elementor-section-height-default elementor-section-height-default\" data-id=\"32c098f\" data-element_type=\"section\" data-e-type=\"section\" data-settings=\"{&quot;background_background&quot;:&quot;classic&quot;,&quot;stretch_section&quot;:&quot;section-stretched&quot;}\">\n\t\t\t\t\t\t\t<div class=\"elementor-background-overlay\"><\/div>\n\t\t\t\t\t\t\t<div class=\"elementor-container elementor-column-gap-default\">\n\t\t\t\t\t<div class=\"elementor-column elementor-col-100 elementor-top-column elementor-element elementor-element-bbbfcba\" data-id=\"bbbfcba\" data-element_type=\"column\" data-e-type=\"column\">\n\t\t\t<div class=\"elementor-widget-wrap elementor-element-populated\">\n\t\t\t\t\t\t<div class=\"elementor-element elementor-element-7b8fede elementor-widget elementor-widget-vc_custom_heading\" data-id=\"7b8fede\" data-element_type=\"widget\" data-e-type=\"widget\" data-widget_type=\"vc_custom_heading.default\">\n\t\t\t\t<div class=\"elementor-widget-container\">\n\t\t\t\t\t<div class=\" vc_custom_heading  consulting_heading_font  text_align_center has_subtitle title_no_stripe\" ><h1 style=\"color: #FFFFFF;text-align: center\" class=\"consulting-custom-title\">\n- Afrique -<br \/>\nRejoignez-nous\n<span class=\"subtitle\" style=\"color:#FFFBFB\">Une \u00e9quipe dynamique experte  de l'innovation des syst\u00e8mes d'information d\u00e9cisionnelle et d'aide strat\u00e9gique.    <\/span><\/h1><\/div>\t\t\t\t<\/div>\n\t\t\t\t<\/div>\n\t\t\t\t\t<\/div>\n\t\t<\/div>\n\t\t\t\t\t<\/div>\n\t\t<\/section>\n\t\t\t\t<section class=\"elementor-section elementor-top-section elementor-element elementor-element-99e7491 elementor-section-boxed elementor-section-height-default elementor-section-height-default\" data-id=\"99e7491\" data-element_type=\"section\" data-e-type=\"section\">\n\t\t\t\t\t\t<div class=\"elementor-container elementor-column-gap-default\">\n\t\t\t\t\t<div class=\"elementor-column elementor-col-100 elementor-top-column elementor-element elementor-element-b15fd1a\" data-id=\"b15fd1a\" data-element_type=\"column\" data-e-type=\"column\">\n\t\t\t<div class=\"elementor-widget-wrap elementor-element-populated\">\n\t\t\t\t\t\t<div class=\"elementor-element elementor-element-2550e41 elementor-widget elementor-widget-stm_vacancies\" data-id=\"2550e41\" data-element_type=\"widget\" data-e-type=\"widget\" data-widget_type=\"stm_vacancies.default\">\n\t\t\t\t<div class=\"elementor-widget-container\">\n\t\t\t\t\t    <div class=\"vacancy_table_wr consulting_elementor_vacancies style_1\">\n\n        \n            <table class=\"vacancy_table\" id=\"vacancy_table_1247245541\">\n                <thead>\n                <tr>\n                    <th>Titre de l&#039;offre d&#039;emploi<\/th>\n                    <th class=\"location\">Position<\/th>\n                    <th>D\u00e9partement<\/th>\n                    <th>Date<\/th>\n                <\/tr>\n                <\/thead>\n                <tbody>\n\n                                    <tr>\n                        <td><a href=\"https:\/\/gdc-sense.com\/?stm_careers=stage-developpeur-full-stack-h-f\">Stage -D\u00e9veloppeur Full Stack (H\/F)<\/a><\/td>\n                        <td class=\"location\">Lom\u00e9 -Togo<\/td>\n                        <td>TECH &amp; SERVICES<\/td>\n                        <td>08\/26\/2024<\/td>\n                    <\/tr>\n                                    <tr>\n                        <td><a href=\"https:\/\/gdc-sense.com\/?stm_careers=developpeur-mobile-h-f\">D\u00e9veloppeur Mobile (H\/F)<\/a><\/td>\n                        <td class=\"location\">Lom\u00e9 -Togo<\/td>\n                        <td>TECH &amp; SERVICES<\/td>\n                        <td>08\/26\/2024<\/td>\n                    <\/tr>\n                                    <tr>\n                        <td><a href=\"https:\/\/gdc-sense.com\/?stm_careers=chargee-daffaires-junior\">Charg\u00e9(e) d&#8217;Affaires Junior<\/a><\/td>\n                        <td class=\"location\">Lom\u00e9 -Togo<\/td>\n                        <td>SALES<\/td>\n                        <td>08\/26\/2024<\/td>\n                    <\/tr>\n                                    <tr>\n                        <td><a href=\"https:\/\/gdc-sense.com\/?stm_careers=consultant-devops-cloud-junior\">Consultant DevOps Cloud Junior<\/a><\/td>\n                        <td class=\"location\">Lom\u00e9 -Togo<\/td>\n                        <td>TECH &amp; SERVICES<\/td>\n                        <td>11\/28\/2023<\/td>\n                    <\/tr>\n                                    <tr>\n                        <td><a href=\"https:\/\/gdc-sense.com\/?stm_careers=consultant-data-analyst-junior\">Consultant Data Analyst Junior<\/a><\/td>\n                        <td class=\"location\">Lom\u00e9 -Togo<\/td>\n                        <td>DATA &amp; IA<\/td>\n                        <td>11\/28\/2023<\/td>\n                    <\/tr>\n                                    <tr>\n                        <td><a href=\"https:\/\/gdc-sense.com\/?stm_careers=data-scientist-confirmee\">Data Scientist Confirm\u00e9(e)<\/a><\/td>\n                        <td class=\"location\">Lom\u00e9 -Togo<\/td>\n                        <td>DATA &amp; IA<\/td>\n                        <td>11\/28\/2023<\/td>\n                    <\/tr>\n                                    <tr>\n                        <td><a href=\"https:\/\/gdc-sense.com\/?stm_careers=assistante-de-direction\">Assistant(e) de Direction<\/a><\/td>\n                        <td class=\"location\">Lom\u00e9 -Togo<\/td>\n                        <td>DIRECTION GENERALE<\/td>\n                        <td>11\/28\/2023<\/td>\n                    <\/tr>\n                                    <tr>\n                        <td><a href=\"https:\/\/gdc-sense.com\/?stm_careers=ingenieur-daffaires\">Charg\u00e9(e) d&#8217;Affaires Junior<\/a><\/td>\n                        <td class=\"location\">Lom\u00e9 -Togo<\/td>\n                        <td>SALES<\/td>\n                        <td>11\/28\/2023<\/td>\n                    <\/tr>\n                                    <tr>\n                        <td><a href=\"https:\/\/gdc-sense.com\/?stm_careers=developpeur-full-stack-h-f\">D\u00e9veloppeur Full Stack (H\/F)<\/a><\/td>\n                        <td class=\"location\">Lom\u00e9 -Togo<\/td>\n                        <td>TECH &amp; SERVICES<\/td>\n                        <td>11\/28\/2023<\/td>\n                    <\/tr>\n                \n                <\/tbody>\n            <\/table>\n\n        \n        <script type=\"text\/javascript\">\n            jQuery(document).ready(function ($) {\n                $(\"#vacancy_table_1247245541\").tablesorter();\n            });\n        <\/script>\n    <\/div>\n\t\t\t\t<\/div>\n\t\t\t\t<\/div>\n\t\t\t\t\t<\/div>\n\t\t<\/div>\n\t\t\t\t\t<\/div>\n\t\t<\/section>\n\t\t\t\t<section class=\"elementor-section elementor-top-section elementor-element elementor-element-9788d54 elementor-section-boxed elementor-section-height-default elementor-section-height-default\" data-id=\"9788d54\" data-element_type=\"section\" data-e-type=\"section\">\n\t\t\t\t\t\t<div class=\"elementor-container elementor-column-gap-default\">\n\t\t\t\t\t<div class=\"elementor-column elementor-col-100 elementor-top-column elementor-element elementor-element-978956c\" data-id=\"978956c\" data-element_type=\"column\" data-e-type=\"column\">\n\t\t\t<div class=\"elementor-widget-wrap elementor-element-populated\">\n\t\t\t\t\t\t<div class=\"elementor-element elementor-element-9789bc5 elementor-widget elementor-widget-stm_vacancies\" data-id=\"9789bc5\" data-element_type=\"widget\" data-e-type=\"widget\" data-widget_type=\"stm_vacancies.default\">\n\t\t\t\t<div class=\"elementor-widget-container\">\n\t\t\t\t\t        <div class=\"row stm_vacancies consulting_elementor_vacancies style_3\">\n                <ul class=\"stm_vacancies__filter\">\n            <li><a href=\"#\" data-filter=\"*\" class=\"active\">Tout<\/a><\/li>\n                        <li>\n                <a href=\"#\" data-filter=\".tech-services\">TECH &amp; SERVICES<\/a>\n            <\/li>\n                        <li>\n                <a href=\"#\" data-filter=\".sales\">SALES<\/a>\n            <\/li>\n                        <li>\n                <a href=\"#\" data-filter=\".data-ia\">DATA &amp; IA<\/a>\n            <\/li>\n                        <li>\n                <a href=\"#\" data-filter=\".direction-generale\">DIRECTION GENERALE<\/a>\n            <\/li>\n                    <\/ul>\n        <ul class=\"stm_vacancies__grid\">\n                            <li class=\"stm_vacancies__grid-item all tech-services\">\n                    <div class=\"stm_vacancies__inner\">\n                        <a href=\"https:\/\/gdc-sense.com\/?stm_careers=stage-developpeur-full-stack-h-f\" class=\"title\">\n                            <h5>Stage -D\u00e9veloppeur Full Stack (H\/F)<\/h5>\n                        <\/a>\n                        <div class=\"location info\">Lom\u00e9 -Togo<\/div>\n                        <div class=\"department info\">TECH &amp; SERVICES<\/div>\n                        <div class=\"read-more\">\n                            <a href=\"https:\/\/gdc-sense.com\/?stm_careers=stage-developpeur-full-stack-h-f\" class=\"third_font_color\">\n                                Lire plus                                <i class=\"stm-lnr-arrow-right\"><\/i>\n                            <\/a>\n                            <span class=\"date\">\n                                08\/26\/2024                            <\/span>\n                        <\/div>\n                    <\/div>\n                <\/li>\n                            <li class=\"stm_vacancies__grid-item all tech-services\">\n                    <div class=\"stm_vacancies__inner\">\n                        <a href=\"https:\/\/gdc-sense.com\/?stm_careers=developpeur-mobile-h-f\" class=\"title\">\n                            <h5>D\u00e9veloppeur Mobile (H\/F)<\/h5>\n                        <\/a>\n                        <div class=\"location info\">Lom\u00e9 -Togo<\/div>\n                        <div class=\"department info\">TECH &amp; SERVICES<\/div>\n                        <div class=\"read-more\">\n                            <a href=\"https:\/\/gdc-sense.com\/?stm_careers=developpeur-mobile-h-f\" class=\"third_font_color\">\n                                Lire plus                                <i class=\"stm-lnr-arrow-right\"><\/i>\n                            <\/a>\n                            <span class=\"date\">\n                                08\/26\/2024                            <\/span>\n                        <\/div>\n                    <\/div>\n                <\/li>\n                            <li class=\"stm_vacancies__grid-item all sales\">\n                    <div class=\"stm_vacancies__inner\">\n                        <a href=\"https:\/\/gdc-sense.com\/?stm_careers=chargee-daffaires-junior\" class=\"title\">\n                            <h5>Charg\u00e9(e) d&#8217;Affaires Junior<\/h5>\n                        <\/a>\n                        <div class=\"location info\">Lom\u00e9 -Togo<\/div>\n                        <div class=\"department info\">SALES<\/div>\n                        <div class=\"read-more\">\n                            <a href=\"https:\/\/gdc-sense.com\/?stm_careers=chargee-daffaires-junior\" class=\"third_font_color\">\n                                Lire plus                                <i class=\"stm-lnr-arrow-right\"><\/i>\n                            <\/a>\n                            <span class=\"date\">\n                                08\/26\/2024                            <\/span>\n                        <\/div>\n                    <\/div>\n                <\/li>\n                            <li class=\"stm_vacancies__grid-item all tech-services\">\n                    <div class=\"stm_vacancies__inner\">\n                        <a href=\"https:\/\/gdc-sense.com\/?stm_careers=consultant-devops-cloud-junior\" class=\"title\">\n                            <h5>Consultant DevOps Cloud Junior<\/h5>\n                        <\/a>\n                        <div class=\"location info\">Lom\u00e9 -Togo<\/div>\n                        <div class=\"department info\">TECH &amp; SERVICES<\/div>\n                        <div class=\"read-more\">\n                            <a href=\"https:\/\/gdc-sense.com\/?stm_careers=consultant-devops-cloud-junior\" class=\"third_font_color\">\n                                Lire plus                                <i class=\"stm-lnr-arrow-right\"><\/i>\n                            <\/a>\n                            <span class=\"date\">\n                                11\/28\/2023                            <\/span>\n                        <\/div>\n                    <\/div>\n                <\/li>\n                            <li class=\"stm_vacancies__grid-item all data-ia\">\n                    <div class=\"stm_vacancies__inner\">\n                        <a href=\"https:\/\/gdc-sense.com\/?stm_careers=consultant-data-analyst-junior\" class=\"title\">\n                            <h5>Consultant Data Analyst Junior<\/h5>\n                        <\/a>\n                        <div class=\"location info\">Lom\u00e9 -Togo<\/div>\n                        <div class=\"department info\">DATA &amp; IA<\/div>\n                        <div class=\"read-more\">\n                            <a href=\"https:\/\/gdc-sense.com\/?stm_careers=consultant-data-analyst-junior\" class=\"third_font_color\">\n                                Lire plus                                <i class=\"stm-lnr-arrow-right\"><\/i>\n                            <\/a>\n                            <span class=\"date\">\n                                11\/28\/2023                            <\/span>\n                        <\/div>\n                    <\/div>\n                <\/li>\n                            <li class=\"stm_vacancies__grid-item all data-ia\">\n                    <div class=\"stm_vacancies__inner\">\n                        <a href=\"https:\/\/gdc-sense.com\/?stm_careers=data-scientist-confirmee\" class=\"title\">\n                            <h5>Data Scientist Confirm\u00e9(e)<\/h5>\n                        <\/a>\n                        <div class=\"location info\">Lom\u00e9 -Togo<\/div>\n                        <div class=\"department info\">DATA &amp; IA<\/div>\n                        <div class=\"read-more\">\n                            <a href=\"https:\/\/gdc-sense.com\/?stm_careers=data-scientist-confirmee\" class=\"third_font_color\">\n                                Lire plus                                <i class=\"stm-lnr-arrow-right\"><\/i>\n                            <\/a>\n                            <span class=\"date\">\n                                11\/28\/2023                            <\/span>\n                        <\/div>\n                    <\/div>\n                <\/li>\n                            <li class=\"stm_vacancies__grid-item all direction-generale\">\n                    <div class=\"stm_vacancies__inner\">\n                        <a href=\"https:\/\/gdc-sense.com\/?stm_careers=assistante-de-direction\" class=\"title\">\n                            <h5>Assistant(e) de Direction<\/h5>\n                        <\/a>\n                        <div class=\"location info\">Lom\u00e9 -Togo<\/div>\n                        <div class=\"department info\">DIRECTION GENERALE<\/div>\n                        <div class=\"read-more\">\n                            <a href=\"https:\/\/gdc-sense.com\/?stm_careers=assistante-de-direction\" class=\"third_font_color\">\n                                Lire plus                                <i class=\"stm-lnr-arrow-right\"><\/i>\n                            <\/a>\n                            <span class=\"date\">\n                                11\/28\/2023                            <\/span>\n                        <\/div>\n                    <\/div>\n                <\/li>\n                            <li class=\"stm_vacancies__grid-item all sales\">\n                    <div class=\"stm_vacancies__inner\">\n                        <a href=\"https:\/\/gdc-sense.com\/?stm_careers=ingenieur-daffaires\" class=\"title\">\n                            <h5>Charg\u00e9(e) d&#8217;Affaires Junior<\/h5>\n                        <\/a>\n                        <div class=\"location info\">Lom\u00e9 -Togo<\/div>\n                        <div class=\"department info\">SALES<\/div>\n                        <div class=\"read-more\">\n                            <a href=\"https:\/\/gdc-sense.com\/?stm_careers=ingenieur-daffaires\" class=\"third_font_color\">\n                                Lire plus                                <i class=\"stm-lnr-arrow-right\"><\/i>\n                            <\/a>\n                            <span class=\"date\">\n                                11\/28\/2023                            <\/span>\n                        <\/div>\n                    <\/div>\n                <\/li>\n                            <li class=\"stm_vacancies__grid-item all tech-services\">\n                    <div class=\"stm_vacancies__inner\">\n                        <a href=\"https:\/\/gdc-sense.com\/?stm_careers=developpeur-full-stack-h-f\" class=\"title\">\n                            <h5>D\u00e9veloppeur Full Stack (H\/F)<\/h5>\n                        <\/a>\n                        <div class=\"location info\">Lom\u00e9 -Togo<\/div>\n                        <div class=\"department info\">TECH &amp; SERVICES<\/div>\n                        <div class=\"read-more\">\n                            <a href=\"https:\/\/gdc-sense.com\/?stm_careers=developpeur-full-stack-h-f\" class=\"third_font_color\">\n                                Lire plus                                <i class=\"stm-lnr-arrow-right\"><\/i>\n                            <\/a>\n                            <span class=\"date\">\n                                11\/28\/2023                            <\/span>\n                        <\/div>\n                    <\/div>\n                <\/li>\n                    <\/ul>\n    <\/div>\n    <script type=\"text\/javascript\">\n    window.onload = function() {\n        var grid_wrapper = document.querySelector('.stm_vacancies.style_3');\n        if (grid_wrapper !== null) {\n            var grid = grid_wrapper.querySelector('.stm_vacancies__grid');\n            var grid_filter = grid_wrapper.querySelector('.stm_vacancies__filter');\n            var iso = new Isotope('.stm_vacancies.style_3 .stm_vacancies__grid', {\n                itemSelector: '.stm_vacancies__grid-item',\n            });\n\n            grid_filter.addEventListener('click', function(e) {\n                e.preventDefault();\n                if (!matchesSelector(e.target, 'a')) return;\n\n                grid_filter.querySelectorAll('a').forEach( btn => {\n                    btn.classList.remove('active');\n                } )\n                \n                e.target.classList.add('active');\n                var filter = e.target.getAttribute( 'data-filter' );\n                iso.arrange({ filter: filter });\n            });\n        }\n    }\n    <\/script>\n\t\t\t\t<\/div>\n\t\t\t\t<\/div>\n\t\t\t\t\t<\/div>\n\t\t<\/div>\n\t\t\t\t\t<\/div>\n\t\t<\/section>\n\t\t\t\t<\/div>\n\t\t","protected":false},"excerpt":{"rendered":"<p>&#8211; Afrique &#8211; Rejoignez-nous Une \u00e9quipe dynamique experte de l&#8217;innovation des syst\u00e8mes d&#8217;information d\u00e9cisionnelle et d&#8217;aide strat\u00e9gique. Titre de l&#039;offre d&#039;emploi Position D\u00e9partement Date Consultant DevOps Cloud Junior Lom\u00e9 -Togo TECH &amp; SERVICES 11\/28\/2023 Consultant Data Analyst Junior Lom\u00e9 -Togo DATA &amp; IA 11\/28\/2023 Data Scientist Confirm\u00e9(e) Lom\u00e9 -Togo DATA &amp; IA 11\/28\/2023 Assistant(e) de<\/p>\n","protected":false},"author":1,"featured_media":0,"parent":0,"menu_order":0,"comment_status":"closed","ping_status":"closed","template":"","meta":{"footnotes":""},"class_list":["post-21253","page","type-page","status-publish","hentry"],"aioseo_notices":[],"_links":{"self":[{"href":"https:\/\/gdc-sense.com\/index.php?rest_route=\/wp\/v2\/pages\/21253","targetHints":{"allow":["GET"]}}],"collection":[{"href":"https:\/\/gdc-sense.com\/index.php?rest_route=\/wp\/v2\/pages"}],"about":[{"href":"https:\/\/gdc-sense.com\/index.php?rest_route=\/wp\/v2\/types\/page"}],"author":[{"embeddable":true,"href":"https:\/\/gdc-sense.com\/index.php?rest_route=\/wp\/v2\/users\/1"}],"replies":[{"embeddable":true,"href":"https:\/\/gdc-sense.com\/index.php?rest_route=%2Fwp%2Fv2%2Fcomments&post=21253"}],"version-history":[{"count":16,"href":"https:\/\/gdc-sense.com\/index.php?rest_route=\/wp\/v2\/pages\/21253\/revisions"}],"predecessor-version":[{"id":21293,"href":"https:\/\/gdc-sense.com\/index.php?rest_route=\/wp\/v2\/pages\/21253\/revisions\/21293"}],"wp:attachment":[{"href":"https:\/\/gdc-sense.com\/index.php?rest_route=%2Fwp%2Fv2%2Fmedia&parent=21253"}],"curies":[{"name":"wp","href":"https:\/\/api.w.org\/{rel}","templated":true}]}}